{"id":2,"date":"2024-08-02T18:41:21","date_gmt":"2024-08-02T16:41:21","guid":{"rendered":"http:\/\/hqrexnl.cluster027.hosting.ovh.net\/?page_id=2"},"modified":"2024-12-06T08:52:03","modified_gmt":"2024-12-06T07:52:03","slug":"page-d-exemple","status":"publish","type":"page","link":"https:\/\/mac-gregor09.fr\/","title":{"rendered":"Page d&rsquo;accueil"},"content":{"rendered":"\n<p><\/p>\n\n\n\n<div class=\"wp-block-cover is-light has-small-font-size\" style=\"min-height:600px;aspect-ratio:unset;\"><span aria-hidden=\"true\" class=\"wp-block-cover__background has-background-dim-0 has-background-dim\" style=\"background-color:#f5db9c\"><\/span><img loading=\"lazy\" decoding=\"async\" width=\"2560\" height=\"1707\" class=\"wp-block-cover__image-background wp-image-90\" alt=\"\" src=\"http:\/\/hqrexnl.cluster027.hosting.ovh.net\/wp-content\/uploads\/2024\/09\/or-1-scaled.jpg\" style=\"object-position:50% 100%\" data-object-fit=\"cover\" data-object-position=\"50% 100%\" srcset=\"https:\/\/mac-gregor09.fr\/wp-content\/uploads\/2024\/09\/or-1-scaled.jpg 2560w, https:\/\/mac-gregor09.fr\/wp-content\/uploads\/2024\/09\/or-1-300x200.jpg 300w, https:\/\/mac-gregor09.fr\/wp-content\/uploads\/2024\/09\/or-1-1024x683.jpg 1024w, https:\/\/mac-gregor09.fr\/wp-content\/uploads\/2024\/09\/or-1-768x512.jpg 768w, https:\/\/mac-gregor09.fr\/wp-content\/uploads\/2024\/09\/or-1-1536x1024.jpg 1536w, https:\/\/mac-gregor09.fr\/wp-content\/uploads\/2024\/09\/or-1-2048x1365.jpg 2048w\" sizes=\"auto, (max-width: 2560px) 100vw, 2560px\" \/><div class=\"wp-block-cover__inner-container is-layout-flow wp-container-core-cover-is-layout-a77db08e wp-block-cover-is-layout-flow\">\n<h5 class=\"wp-block-heading has-text-align-center has-ast-global-color-8-color has-text-color has-link-color wp-elements-6c54cd695221c77d5f6a1d02b6fccb10\" style=\"font-size:60px\"><strong>L&rsquo;achat d&rsquo;or&#8230; au prix fort !<\/strong><\/h5>\n\n\n\n<p><\/p>\n\n\n\n<p><\/p>\n\n\n\n<p><\/p>\n\n\n\n<p>&nbsp;<\/p>\n<\/div><\/div>\n\n\n\n<div class=\"wp-block-media-text is-stacked-on-mobile\" style=\"grid-template-columns:44% auto\"><figure class=\"wp-block-media-text__media\"><img loading=\"lazy\" decoding=\"async\" width=\"922\" height=\"615\" src=\"http:\/\/hqrexnl.cluster027.hosting.ovh.net\/wp-content\/uploads\/2024\/09\/749622.jpg\" alt=\"\" class=\"wp-image-158 size-full\" srcset=\"https:\/\/mac-gregor09.fr\/wp-content\/uploads\/2024\/09\/749622.jpg 922w, https:\/\/mac-gregor09.fr\/wp-content\/uploads\/2024\/09\/749622-300x200.jpg 300w, https:\/\/mac-gregor09.fr\/wp-content\/uploads\/2024\/09\/749622-768x512.jpg 768w\" sizes=\"auto, (max-width: 922px) 100vw, 922px\" \/><\/figure><div class=\"wp-block-media-text__content\">\n<p><\/p>\n\n\n\n<p><strong>UNE ESTIMATION R\u00c9ALIS\u00c9E PAR DES EXPERTS<\/strong><br><br><strong>En proposant<\/strong> le service de rachat d\u2019or, d\u2019argent et de platine depuis plusieurs ann\u00e9es, nous avons pu acqu\u00e9rir une grande expertise dans le domaine ; ce qui fait de nous aujourd\u2019hui un sp\u00e9cialiste du rachat de bijoux. L\u2019estimation de vos objets pr\u00e9cieux sera r\u00e9alis\u00e9e sur place et s\u2019effectue gr\u00e2ce \u00e0 des techniques fiables et tr\u00e8s pr\u00e9cises.<br>Nous vous offrons des conseils sur le cours de l&rsquo;or et de l&rsquo;argent pour que vous puissiez b\u00e9n\u00e9ficier d\u2019une offre transparente avec des prix actuels. Nous vous proposons \u00e9galement un devis gratuit et sans engagement afin que vous puissiez vendre vos biens pr\u00e9cieux en toute s\u00e9r\u00e9nit\u00e9.<br><strong>Chaque estimation est r\u00e9alis\u00e9e gratuitement, mais surtout d\u2019une mani\u00e8re fiable et professionnelle.<\/strong><\/p>\n<\/div><\/div>\n\n\n\n<p><strong>VENDEZ VOS BIJOUX AU MEILLEUR PRIX<\/strong><\/p>\n\n\n\n<p><strong>Nous vous proposons<\/strong> le rachat de tout objet en or, argent, platine et palladium, tout en vous offrant une estimation fiable et de la juste valeur. Qu\u2019il s\u2019agisse de vieux bijoux, bijoux cass\u00e9s, montres, pi\u00e8ces de monnaie, lingots, lingotins, or dentaire ou de d\u00e9bris d\u2019or, faites-les \u00e9valuer directement chez nous.<br>Quel que soit leur \u00e9tat, qu\u2019ils soient sign\u00e9s ou non, nous les achetons au meilleur prix. En faisant appel \u00e0 notre service, vous b\u00e9n\u00e9ficiez de nos comp\u00e9tences et de notre expertise. Nous sommes disponibles et \u00e0 votre \u00e9coute pour r\u00e9pondre au mieux \u00e0 vos attentes.<br><strong>Estimez et vendez vos objets pr\u00e9cieux en toute confiance et en toute s\u00e9curit\u00e9.<\/strong><\/p>\n\n\n\n<p><\/p>\n","protected":false},"excerpt":{"rendered":"<p>UNE ESTIMATION R\u00c9ALIS\u00c9E PAR DES EXPERTS En proposant le service de rachat d\u2019or, d\u2019argent et de platine depuis plusieurs ann\u00e9es, [&hellip;]<\/p>\n","protected":false},"author":1,"featured_media":0,"parent":0,"menu_order":0,"comment_status":"closed","ping_status":"open","template":"","meta":{"site-sidebar-layout":"default","site-content-layout":"","ast-site-content-layout":"","site-content-style":"default","site-sidebar-style":"default","ast-global-header-display":"","ast-banner-title-visibility":"","ast-main-header-display":"","ast-hfb-above-header-display":"","ast-hfb-below-header-display":"","ast-hfb-mobile-header-display":"","site-post-title":"disabled","ast-breadcrumbs-content":"","ast-featured-img":"","footer-sml-layout":"","theme-transparent-header-meta":"","adv-header-id-meta":"","stick-header-meta":"","header-above-stick-meta":"","header-main-stick-meta":"","header-below-stick-meta":"","astra-migrate-meta-layouts":"default","ast-page-background-enabled":"default","ast-page-background-meta":{"desktop":{"background-color":"var(--ast-global-color-4)","background-image":"","background-repeat":"repeat","background-position":"center center","background-size":"auto","background-attachment":"scroll","background-type":"","background-media":"","overlay-type":"","overlay-color":"","overlay-opacity":"","overlay-gradient":""},"tablet":{"background-color":"","background-image":"","background-repeat":"repeat","background-position":"center center","background-size":"auto","background-attachment":"scroll","background-type":"","background-media":"","overlay-type":"","overlay-color":"","overlay-opacity":"","overlay-gradient":""},"mobile":{"background-color":"","background-image":"","background-repeat":"repeat","background-position":"center center","background-size":"auto","background-attachment":"scroll","background-type":"","background-media":"","overlay-type":"","overlay-color":"","overlay-opacity":"","overlay-gradient":""}},"ast-content-background-meta":{"desktop":{"background-color":"var(--ast-global-color-5)","background-image":"","background-repeat":"repeat","background-position":"center center","background-size":"auto","background-attachment":"scroll","background-type":"","background-media":"","overlay-type":"","overlay-color":"","overlay-opacity":"","overlay-gradient":""},"tablet":{"background-color":"var(--ast-global-color-5)","background-image":"","background-repeat":"repeat","background-position":"center center","background-size":"auto","background-attachment":"scroll","background-type":"","background-media":"","overlay-type":"","overlay-color":"","overlay-opacity":"","overlay-gradient":""},"mobile":{"background-color":"var(--ast-global-color-5)","background-image":"","background-repeat":"repeat","background-position":"center center","background-size":"auto","background-attachment":"scroll","background-type":"","background-media":"","overlay-type":"","overlay-color":"","overlay-opacity":"","overlay-gradient":""}},"footnotes":""},"class_list":["post-2","page","type-page","status-publish","hentry"],"_links":{"self":[{"href":"https:\/\/mac-gregor09.fr\/index.php\/wp-json\/wp\/v2\/pages\/2","targetHints":{"allow":["GET"]}}],"collection":[{"href":"https:\/\/mac-gregor09.fr\/index.php\/wp-json\/wp\/v2\/pages"}],"about":[{"href":"https:\/\/mac-gregor09.fr\/index.php\/wp-json\/wp\/v2\/types\/page"}],"author":[{"embeddable":true,"href":"https:\/\/mac-gregor09.fr\/index.php\/wp-json\/wp\/v2\/users\/1"}],"replies":[{"embeddable":true,"href":"https:\/\/mac-gregor09.fr\/index.php\/wp-json\/wp\/v2\/comments?post=2"}],"version-history":[{"count":43,"href":"https:\/\/mac-gregor09.fr\/index.php\/wp-json\/wp\/v2\/pages\/2\/revisions"}],"predecessor-version":[{"id":444,"href":"https:\/\/mac-gregor09.fr\/index.php\/wp-json\/wp\/v2\/pages\/2\/revisions\/444"}],"wp:attachment":[{"href":"https:\/\/mac-gregor09.fr\/index.php\/wp-json\/wp\/v2\/media?parent=2"}],"curies":[{"name":"wp","href":"https:\/\/api.w.org\/{rel}","templated":true}]}}